{"id":2,"date":"2016-05-10T03:48:21","date_gmt":"2016-05-10T03:48:21","guid":{"rendered":"http:\/\/msprosolutions.ro\/wp\/?page_id=2"},"modified":"2017-08-17T13:32:17","modified_gmt":"2017-08-17T13:32:17","slug":"main-page","status":"publish","type":"page","link":"https:\/\/msprosolutions.ro\/","title":{"rendered":"MSPRO Solutions"},"content":{"rendered":"<p style=\"text-align: justify;\"><span style=\"font-family: 'Arial','sans-serif';\">Prin experien\u021ba acumulat\u0103 de-a lungul anilor, MSPRO Solutions este ast\u0103zi unul dintre principalii furnizori de solu\u021bii IT \u0219i telecomunica\u021bii pe segmentul business \u0219i institu\u021bii publice din Cluj-Napoca.<\/span><\/p>\n<p style=\"text-align: justify;\"><span style=\"font-family: 'Arial','sans-serif';\">MSPRO Solutions se pozi\u021bioneaz\u0103 ca un furnizor de echipamente \u0219i servicii full-service, echipa fiind capabil\u0103 prin dimensiune \u0219i experien\u021b\u0103 s\u0103 ofere toat\u0103 gama de servicii IT necesare atingerii obiectivelor de business.<\/span><\/p>\n<p style=\"text-align: justify;\"><span style=\"font-family: 'Arial','sans-serif';\">De-a lungul timpului, domeniul nostru de activitate s-a diversificat semnificativ adapt\u00e2ndu-ne solicit\u0103rilor pie\u021bei precum \u0219i din dorin\u021ba de a acoperi c\u00e2t mai cuprinz\u0103tor nevoile clien\u021bilor no\u0219tri.<\/span><\/p>\n<p style=\"text-align: justify;\"><span style=\"font-family: 'Arial','sans-serif';\">Calitatea lucr\u0103rilor executate, respectarea termenelor de predare, calificarea \u0219i specializarea personalului tehnic \u0219i operativ asigur\u0103 satisfacerea exigen\u021belor beneficiarilor, recomand\u00e2nd MSPRO Solutions ca unul dintre marii competitori IT de pe pia\u021b\u0103.<\/span><\/p>\n","protected":false},"excerpt":{"rendered":"<p>Prin experien\u021ba acumulat\u0103 de-a lungul anilor, MSPRO Solutions este ast\u0103zi unul dintre principalii furnizori de solu\u021bii IT \u0219i telecomunica\u021bii pe segmentul business \u0219i institu\u021bii publice din Cluj-Napoca. MSPRO Solutions se pozi\u021bioneaz\u0103 ca un furnizor de echipamente \u0219i servicii full-service, echipa fiind capabil\u0103 prin dimensiune \u0219i experien\u021b\u0103 s\u0103 ofere toat\u0103 gama de servicii IT necesare atingerii &hellip; <\/p>\n<p class=\"link-more\"><a href=\"https:\/\/msprosolutions.ro\/\" class=\"more-link\">Continue reading<span class=\"screen-reader-text\"> &#8220;MSPRO Solutions&#8221;<\/span><\/a><\/p>\n","protected":false},"author":1,"featured_media":0,"parent":0,"menu_order":1,"comment_status":"closed","ping_status":"closed","template":"","meta":{"footnotes":""},"_links":{"self":[{"href":"https:\/\/msprosolutions.ro\/index.php?rest_route=\/wp\/v2\/pages\/2"}],"collection":[{"href":"https:\/\/msprosolutions.ro\/index.php?rest_route=\/wp\/v2\/pages"}],"about":[{"href":"https:\/\/msprosolutions.ro\/index.php?rest_route=\/wp\/v2\/types\/page"}],"author":[{"embeddable":true,"href":"https:\/\/msprosolutions.ro\/index.php?rest_route=\/wp\/v2\/users\/1"}],"replies":[{"embeddable":true,"href":"https:\/\/msprosolutions.ro\/index.php?rest_route=%2Fwp%2Fv2%2Fcomments&post=2"}],"version-history":[{"count":12,"href":"https:\/\/msprosolutions.ro\/index.php?rest_route=\/wp\/v2\/pages\/2\/revisions"}],"predecessor-version":[{"id":217,"href":"https:\/\/msprosolutions.ro\/index.php?rest_route=\/wp\/v2\/pages\/2\/revisions\/217"}],"wp:attachment":[{"href":"https:\/\/msprosolutions.ro\/index.php?rest_route=%2Fwp%2Fv2%2Fmedia&parent=2"}],"curies":[{"name":"wp","href":"https:\/\/api.w.org\/{rel}","templated":true}]}}